t is the thousands digit of 3212?
3
What is the hundreds digit of 946?
9
What is the hundreds digit of 1571?
5
What is the tens digit of 1512?
1
What is the units digit of 1508?
8
What is the hundreds digit of 126128?
1
What is the tens digit of 6280?
8
What is the units digit of 6636?
6
What is the units digit of 55144?
4
What is the thousands digit of 3018?
3
What is the thousands digit of 2294?
2
What is the ten thousands digit of 18255?
1
What is the thousands digit of 24515?
4
What is the hundreds digit of 27733?
7
What is the tens digit of 53134?
3
What is the hundreds digit of 4479?
4
What is the hundreds digit of 424?
4
What is the tens digit of 497?
9
What is the hundreds digit of 297?
2
What is the hundreds digit of 351?
3
What is the ten thousands digit of 94805?
9
What is the hundreds digit of 20427?
4
What is the tens digit of 32568?
6
What is the hundreds digit of 154?
1
What is the tens digit of 387?
8
What is the thousands digit of 34278?
4
What is the units digit of 4892?
2
What is the hundreds digit of 531?
5
What is the units digit of 7409?
9
What is the units digit of 41236?
6
What is the thousands digit of 68676?
8
What is the tens digit of 60665?
6
What is the thousands digit of 18700?
8
What is the units digit of 190?
0
What is the thousands digit of 42641?
2
What is the hundreds digit of 8520?
5
What is the tens digit of 84279?
7
What is the thousands digit of 1311?
1
What is the tens digit of 189?
8
What is the ten thousands digit of 30900?
3
What is the hundreds digit of 43051?
0
What is the thousands digit of 6041?
6
What is the tens digit of 3418?
1
What is the tens digit of 2408?
0
What is the units digit of 688?
8
What is the thousands digit of 16766?
6
What is the units digit of 4922?
2
What is the hundreds digit of 193652?
6
What is the hundreds digit of 4204?
2
What is the tens digit of 1736?
3
What is the thousands digit of 1086?
1
What is the hundreds digit of 99467?
4
What is the hundreds digit of 179?
1
What is the units digit of 3709?
9
What is the tens digit of 86838?
3
What is the tens digit of 1548?
4
What is the units digit of 485?
5
What is the thousands digit of 47082?
7
What is the thousands digit of 25483?
5
What is the thousands digit of 51313?
1
What is the hundreds digit of 6972?
9
What is the tens digit of 71?
7
What is the ten thousands digit of 32267?
3
What is the units digit of 64104?
4
What is the units digit of 2053?
3
What is the tens digit of 19923?
2
What is the hundreds digit of 40085?
0
What is the ten thousands digit of 11467?
1
What is the thousands digit of 7861?
7
What is the thousands digit of 9701?
9
What is the units digit of 187?
7
What is the hundreds digit of 1653?
6
What is the tens digit of 4956?
5
What is the ten thousands digit of 10382?
1
What is the ten thousands digit of 20531?
2
What is the hundreds digit of 1883?
8
What is the hundreds digit of 5960?
9
What is the hundreds digit of 263?
2
What is the thousands digit of 1799?
1
What is the hundreds digit of 2662?
6
What is the thousands digit of 49044?
9
What is the units digit of 7082?
2
What is the units digit of 761?
1
What is the units digit of 1582?
2
What is the units digit of 307?
7
What is the hundreds digit of 3679?
6
What is the units digit of 3706?
6
What is the units digit of 31417?
7
What is the hundreds digit of 2361?
3
What is the units digit of 17527?
7
What is the tens digit of 756?
5
What is the hundreds digit of 839?
8
What is the tens digit of 11004?
0
What is the units digit of 10494?
4
What is the hundreds digit of 22900?
9
What is the units digit of 9415?
5
What is the hundreds digit of 758?
7
What is the units digit of 1521?
1
What is the thousands digit of 3789?
3
What is the thousands digit of 1444?
1
What is the ten thousands digit of 12088?
1
What is the units digit of 15327?
7
What is the tens digit of 1505?
0
What is the hundreds digit of 7994?
9
What is the units digit of 788?
8
What is the thousands digit of 14786?
4
What is the thousands digit of 27021?
7
What is the units digit of 79?
9
What is the thousands digit of 44545?
4
What is the hundreds digit of 1780?
7
What is the tens digit of 512?
1
What is the tens digit of 164?
6
What is the hundreds digit of 1071?
0
What is the hundreds digit of 68544?
5
What is the hundreds digit of 5973?
9
What is the thousands digit of 30656?
0
What is the tens digit of 5524?
2
What is the hundreds digit of 3296?
2
What is the units digit of 894?
4
What is the thousands digit of 1689?
1
What is the hundreds digit of 4252?
2
What is the thousands digit of 58139?
8
What is the tens digit of 1050?
5
What is the hundreds digit of 7800?
8
What is the tens digit of 3247?
4
What is the tens digit of 25202?
0
What is the hundreds digit of 1275?
2
What is the units digit of 26233?
3
What is the units digit of 106354?
4
What is the hundreds digit of 1903?
9
What is the tens digit of 1446?
4
What is the units digit of 276?
6
What is the tens digit of 1771?
7
What is the tens digit of 62912?
1
What is the units digit of 61055?
5
What is the units digit of 4824?
4
What is the hundreds digit of 5799?
7
What is the tens digit of 19?
1
What is the hundreds digit of 7993?
9
What is the tens digit of 2359?
5
What is the ten thousands digit of 53273?
5
What is the units digit of 118605?
5
What is the thousands digit of 31903?
1
What is the hundreds digit of 93838?
8
What is the thousands digit of 5098?
5
What is the tens digit of 637?
3
What is the thousands digit of 24197?
4
What is the units digit of 2173?
3
What is the ten thousands digit of 10273?
1
What is the units digit of 6688?
8
What is the thousands digit of 4578?
4
What is the tens digit of 1625?
2
What is the ten thousands digit of 43417?
4
What is the tens digit of 12449?
4
What is the units digit of 2197?
7
What is the hundreds digit of 140?
1
What is the thousands digit of 1098?
1
What is the tens digit of 16347?
4
What is the thousands digit of 10984?
0
What is the units digit of 338?
8
What is the tens digit of 67465?
6
What is the thousands digit of 4340?
4
What is the units digit of 5?
5
What is the units digit of 2654?
4
What is the tens digit of 5738?
3
What is the ten thousands digit of 17440?
1
What is the thousands digit of 1833?
1
What is the units digit of 48174?
4
What is the hundreds digit of 11296?
2
What is the tens digit of 4266?
6
What is the units digit of 299?
9
What is the hundreds digit of 916?
9
What is the tens digit of 16158?
5
What is the ten thousands digit of 32037?
3
What is the hundreds digit of 12363?
3
What is the thousands digit of 1204?
1
What is the hundreds digit of 5875?
8
What is the thousands digit of 28101?
8
What is the tens digit of 666?
6
What is the units digit of 2140?
0
What is the thousands digit of 11189?
1
What is the tens digit of 51630?
3
What is the ten thousands digit of 33270?
3
What is the hundreds digit of 3472?
4
What is the tens digit of 718?
1
What is the hundreds digit of 337?
3
What is the units digit of 476?
6
What is the thousands digit of 4541?
4
What is the thousands digit of 19463?
9
What is the ten thousands digit of 22209?
2
What is the hundreds digit of 8569?
5
What is the ten thousands digit of 27404?
2
What is the tens digit of 158?
5
What is the hundreds digit of 6491?
4
What is the thousands digit of 99769?
9
What is the hundreds digit of 27771?
7
What is the tens digit of 9960?
6
What is the thousands digit of 8186?
8
What is the hundreds digit of 477?
4
What is the tens digit of 26752?
5
What is the thousands digit of 3292?
3
What is the thousands digit of 46506?
6
What is the units digit of 300?
0
What is the ten thousands digit of 12630?
1
What is the hundred thousands digit of 110586?
1
What is the units digit of 1041?
1
What is the units digit of 18486?
6
What is the thousands digit of 2321?
2
What is the units digit of 176?
6
What is the hundred thousands digit of 132135?
1
What is the ten thousands digit of 32242?
3
What is the hundreds digit of 6082?
0
What is the units digit of 107853?
3
What is the units digit of 454?
4
What is the ten thousands digit of 79699?
7
What is the hundreds digit of 451?
4
What is the tens digit of 42206?
0
What is the units digit of 1332?
2
What is the thousands digit of 18058?
8
What is